{"id":20,"date":"2024-02-23T13:30:40","date_gmt":"2024-02-23T12:30:40","guid":{"rendered":"https:\/\/destinoleon.medialoopers.com\/tesoros\/?page_id=20"},"modified":"2026-02-13T16:00:07","modified_gmt":"2026-02-13T15:00:07","slug":"colaborar","status":"publish","type":"page","link":"https:\/\/destinoleon.medialoopers.com\/tesoros\/colaborar\/","title":{"rendered":"Colaborar"},"content":{"rendered":"\n<p>\u00bfTienes una empresa \/ negocio y quieres colaborar con el concurso? Te indicamos a continuaci\u00f3n en qu\u00e9 consiste, requisitos y c\u00f3mo puedes participar.<\/p>\n\n\n\n<h2 class=\"wp-block-heading\"> \u00bfEn qu\u00e9 consiste el concurso?<\/h2>\n\n\n\n<p>Se trata de peque\u00f1os papeles escondidos (con un QR y un c\u00f3digo de premio) llamados \u00abtesoros\u00bb. En las cuentas de @destinoleon (Instagram, Tiktok y YouTube) mostraremos v\u00eddeos de d\u00f3nde pueden estar escondidos dichos \u00abtesoros\u00bb y propondremos acertijos e informaci\u00f3n oculta para que la gente pueda encontrar los premios por toda la provincia de Le\u00f3n. Una imagen vale m\u00e1s que mil palabras:<\/p>\n\n\n\n<figure class=\"wp-block-embed is-type-video is-provider-tiktok wp-block-embed-tiktok\"><div class=\"wp-block-embed__wrapper\">\n<div class=\"video-container\"><blockquote class=\"tiktok-embed\" cite=\"https:\/\/www.tiktok.com\/@destinoleon\/video\/7338163301886561568\" data-video-id=\"7338163301886561568\" data-embed-from=\"oembed\" style=\"max-width:605px; min-width:325px;\"> <section> <a target=\"_blank\" title=\"@destinoleon\" href=\"https:\/\/www.tiktok.com\/@destinoleon?refer=embed\">@destinoleon<\/a> <p>\ud83c\udfc6 TESOROS DEL REINO \ud83c\udfc6 \u25b6\ufe0f TESORO 1 \u25c0\ufe0f \u2764\ufe0f MECENAS: @letidomingueznoriamedia\u2764\ufe0f \ud83d\udd38 PISTA 1 \ud83d\udd38 \ud83d\udd39 En lo profundo de la comarca de Maragater\u00eda, en Le\u00f3n \ud83c\uddea\ud83c\uddf8 hemos escondido un tesoro con 150 euros en met\u00e1lico. \u00bfLo encontrar\u00e1s? En los pr\u00f3ximos d\u00edas m\u00e1s pistas. Comparte con tus amigos para colaborar en la b\u00fasqueda. \ud83d\udc4d\ud83d\udcaa \u00bfTienes un negocio y quieres aportar tu premio (en met\u00e1lico o en productos y servicios) en pr\u00f3ximos tesoros? \u00a1Escr\u00edbenos! <a title=\"leonesp\" target=\"_blank\" href=\"https:\/\/www.tiktok.com\/tag\/leonesp?refer=embed\">#leonesp<\/a> <a title=\"tesorosdelreino\" target=\"_blank\" href=\"https:\/\/www.tiktok.com\/tag\/tesorosdelreino?refer=embed\">#tesorosdelreino<\/a> <\/p> <a target=\"_blank\" title=\"\u266c Migration Continues - John Powell\" href=\"https:\/\/www.tiktok.com\/music\/Migration-Continues-7298859044386883586?refer=embed\">\u266c Migration Continues &#8211; John Powell<\/a> <\/section> <\/blockquote> <script async src=\"https:\/\/www.tiktok.com\/embed.js\"><\/script><\/div>\n<\/div><\/figure>\n\n\n\n<p>Quien encuentre la pista, recibir\u00e1 un premio proporcionado por el patrocinador de cada reto (valorado en un m\u00ednimo de 150 euros, para fomentar la participaci\u00f3n). El premio puede ser en met\u00e1lico, un cheque regalo de Amazon o productos y servicios de la empresa patrocinadora (ejemplo: si es un restaurante pude ofrecer una comida valorada en 150 euros).<\/p>\n\n\n\n<p>Puedes consultar la secci\u00f3n para m\u00e1s informaci\u00f3n <a href=\"https:\/\/destinoleon.medialoopers.com\/tesoros\/en-que-consiste\/\" data-type=\"page\" data-id=\"47\">\u00bfEn qu\u00e9 consiste?<\/a>. <\/p>\n\n\n\n<h2 class=\"wp-block-heading\">\u00bfQu\u00e9 beneficios se obtiene por parte del negocio \/ empresa colaboradora?<\/h2>\n\n\n\n<ul class=\"wp-block-list\">\n<li>Publicar los v\u00eddeos en sus propias redes (en Instagram a trav\u00e9s de la opci\u00f3n \u00abColaborar\u00bb con @destinoleon para maximizar difusi\u00f3n). <\/li>\n\n\n\n<li>El logo y menci\u00f3n al patrocinador aparece en todas las comunicaciones del tesoro (m\u00ednimo 3 v\u00eddeos). <\/li>\n\n\n\n<li>El negocio \/ comercio tendr\u00e1 la opci\u00f3n de poner un cuadro con un QR en su negocio para promocionar el concurso entre sus clientes.&nbsp;<\/li>\n\n\n\n<li>El objetivo de este concurso es doble: animar a la audiencia de la cuenta @destinoleon a salir por la provincia y conocer Le\u00f3n y por otro lado dar visibilidad a los negocios y comercios de la provincia a trav\u00e9s de sus productos\/servicios y patrocinio.&nbsp;<\/li>\n<\/ul>\n\n\n\n<h2 class=\"wp-block-heading\">Requisitos para participar<\/h2>\n\n\n\n<p>La empresa \/ negocio que decida colaborar con el concurso, deber\u00e1 aportar:<\/p>\n\n\n\n<ul class=\"wp-block-list\">\n<li>Un premio para el tesoro <strong>valorado en un m\u00ednimo de 150 euros<\/strong>.<\/li>\n\n\n\n<li>Logotipo de la empresa \/ negocio<\/li>\n<\/ul>\n\n\n\n<p>Env\u00eda a <strong>medialoopers@gmail.com<\/strong> un correo manifestando tu intenci\u00f3n de participar y te indicamos todo lo necesario y los requisitos para lanzar tu tesoro. <\/p>\n\n\n\n<p><\/p>\n\n\n\n<p><\/p>\n","protected":false},"excerpt":{"rendered":"<p>\u00bfTienes una empresa \/ negocio y quieres colaborar con el concurso? Te indicamos a continuaci\u00f3n en qu\u00e9 consiste, requisitos y c\u00f3mo puedes participar. \u00bfEn qu\u00e9 consiste el concurso? Se trata de peque\u00f1os papeles escondidos (con un QR y un c\u00f3digo de premio) llamados \u00abtesoros\u00bb. En las cuentas de @destinoleon (Instagram, Tiktok y YouTube) mostraremos v\u00eddeos&#46;&#46;&#46;<\/p>\n","protected":false},"author":1,"featured_media":17,"parent":0,"menu_order":0,"comment_status":"closed","ping_status":"closed","template":"","meta":{"footnotes":""},"class_list":["post-20","page","type-page","status-publish","has-post-thumbnail","hentry"],"_links":{"self":[{"href":"https:\/\/destinoleon.medialoopers.com\/tesoros\/wp-json\/wp\/v2\/pages\/20","targetHints":{"allow":["GET"]}}],"collection":[{"href":"https:\/\/destinoleon.medialoopers.com\/tesoros\/wp-json\/wp\/v2\/pages"}],"about":[{"href":"https:\/\/destinoleon.medialoopers.com\/tesoros\/wp-json\/wp\/v2\/types\/page"}],"author":[{"embeddable":true,"href":"https:\/\/destinoleon.medialoopers.com\/tesoros\/wp-json\/wp\/v2\/users\/1"}],"replies":[{"embeddable":true,"href":"https:\/\/destinoleon.medialoopers.com\/tesoros\/wp-json\/wp\/v2\/comments?post=20"}],"version-history":[{"count":12,"href":"https:\/\/destinoleon.medialoopers.com\/tesoros\/wp-json\/wp\/v2\/pages\/20\/revisions"}],"predecessor-version":[{"id":186,"href":"https:\/\/destinoleon.medialoopers.com\/tesoros\/wp-json\/wp\/v2\/pages\/20\/revisions\/186"}],"wp:featuredmedia":[{"embeddable":true,"href":"https:\/\/destinoleon.medialoopers.com\/tesoros\/wp-json\/wp\/v2\/media\/17"}],"wp:attachment":[{"href":"https:\/\/destinoleon.medialoopers.com\/tesoros\/wp-json\/wp\/v2\/media?parent=20"}],"curies":[{"name":"wp","href":"https:\/\/api.w.org\/{rel}","templated":true}]}}